**l + 3*t**2 - 3*t + 4 + 2*t**2. What is m(-5)?
-6
Let w(n) = -n**2 - 12*n - 5. Let g = -150 - -147. Let i(f) = f**2 + 11*f + 4. Let o(u) = g*i(u) - 2*w(u). Give o(-7).
12
Let v(n) = n**2 + 14*n + 1. Let f = 487 - 499. Give v(f).
-23
Let c be 1*(44 - 9/3) + 0. Let t(f) = -c*f**3 - 4*f + 17*f**3 + f**2 + 23*f**3. What is t(3)?
-30
Let r(y) = -157*y - 2789. Let g be r(-18). Let v(f) = -f**3 + 36*f**2 + 38*f - 22. Calculate v(g).
15
Let g = 20061 - 20061. Let k(x) = -x**3 - 8*x**2 + x + 3. Calculate k(g).
3
Suppose -77 = q - 3*y - 14, 2*y - 282 = 4*q. Let c = q + 66. Let r(k) = k**2 + 6*k + 13. Let w(d) = d**2 + 7*d + 12. Let o(f) = -3*r(f) + 4*w(f). What is o(c)?
-15
Let i(x) be the first derivative of x**6/360 + x**5/60 - x**4/12 - 92*x**3/3 - 78. Let d(f) be the third derivative of i(f). What is d(-4)?
6
Suppose 5*v + 3*p - 7 = 0, 3*p + 6 = 5*v - 7. Let g(o) = 21 - 14 - 12 - 2 + v*o**2 + 2*o. What is g(-3)?
5
Let t(z) = z - 4*z + 4 + z + z**3. Suppose 8*j - 5*j = -9. Give t(j).
-17
Let j = -228 + 229. Let z(g) be the first derivative of 3*g**2 - g - 11. Determine z(j).
5
Let z(u) = u**2 + 8*u - 897. Let a be z(-34). Let g(t) = -t**2 - 3*t + 97. Calculate g(a).
-33
Suppose -2*c = -4*c - 14. Let m(n) be the third derivative of 0 - 1/12*n**4 + 0*n + 7/6*n**3 + 357*n**2. Calculate m(c).
21
Let r(q) = 2*q - 6. Suppose z - 2*h = -h - 7, -2*z - 3*h + 1 = 0. Let b be 5 - ((8 - (1 + 4)) + z). Calculate r(b).
6
Let k(v) = 10*v + 11. Let m(y) = y**2 - y - 1. Let h = 806 + -805. Let s(r) = -r**2 - 3*r - 1. Let c be s(-2). Let u(p) = c*k(p) + h*m(p). What is u(-7)?
-4
Suppose 5*y - 2*s + 4*s = 23, -4*y + 18 = 2*s. Let z be 15*3 + (20/(-5))/(-4). Let q(t) = z - 19 - 2*t - 26. Give q(y).
-9
Let z(r) be the first derivative of -3*r**2/2 + 9*r - 2. Let c = -25840 + 25848. What is z(c)?
-15
Let x be 10 + 13 + -14 + -11. Let o(f) = 2*f**2 - 8. What is o(x)?
0
Let l = 362 + -211. Let r = l + -148. Let j(t) = -t**3 + 3*t**2 - t - 3. Calculate j(r).
-6
Let x(t) = -t**2 - 5*t + 6. Suppose -4*h = 2*n + 36, -2*h - 21 + 7 = -n. Let q(r) = -r**2 - 7*r + 14. Let d be q(h). Suppose d*m = 7*m + 6. Determine x(m).
0
Let v(s) = 3*s - 55. Let u(y) = -133*y + 3341. Let r be u(25). Calculate v(r).
-7
Let n(a) = -103922*a + 51951*a + 1 + 51973*a. Suppose 0 = -r - 2*r + 12. Let d = r + -3. What is n(d)?
3
Let n(f) = -f**3 + f**2 + 2*f. Let w(m) = m**3 - m**2 - 3*m. Let v(x) = -3*n(x) - 2*w(x). Suppose -134*b + 282 = -131*b. Let t = b - 93. Give v(t).
0
Let g be (0*(-24)/72)/(-1 - -4). Let m(w) = -w**2 - 3*w + 2. Calculate m(g).
2
Let k(q) = -2*q**2 + 2*q - 12. Suppose -5*i + r + 10 = 0, 5*i = 151*r - 147*r + 10. Determine k(i).
-16
Suppose 9*p + 15 = 15. Suppose p = -a + 17 - 19, w + 15 = -5*a. Let u(q) = q**2 + 6*q - 2. What is u(w)?
-7
Let a(g) = -g**2 - 6*g + 16. Suppose 2302*x + 77 = 2291*x. Give a(x).
9
Let t(f) = 7 - 136*f**2 + 5*f - 45*f**2 + 182*f**2. Suppose 3*u = 22 - 31. Calculate t(u).
1
Let y(x) = 7*x**3 + 17*x**2 + 9*x - 6. Let h(u) = -11*u**3 - 26*u**2 - 13*u + 8. Let s(b) = -5*h(b) - 8*y(b). Calculate s(-4).
4
Let v be ((-29)/(-58))/(2*2/32). Suppose -117 = 2*f - 3*l - 129, 0 = v*f - l - 24. Let m(h) be the first derivative of h**2/2 - 5*h + 3. Give m(f).
1
Let s(m) = -23*m + 6. Let p(z) = -164*z + 43. Let a(g) = 2*p(g) - 15*s(g). What is a(-1)?
-21
Let j(p) = -p**2 + 11*p - 28. Suppose 0*q - 3*q + 5*c = -22, -5*q - 3*c + 14 = 0. Give j(q).
0
Let i(k) = k**2 + 2*k + 1. Let p(q) = -2*q**2 - 6*q + 7. Let y = -315 - -314. Let x(l) = y*p(l) - i(l). Determine x(-4).
-8
Suppose 11 = -5*t - 9, 4*t = v - 263. Let b = v - 242. Let l(i) = i**3 - 5*i**2 + i - 2. Calculate l(b).
3
Suppose 5*c + 1 = r, 0 = -5*r - 2*c + 30 + 2. Let o(s) = s**3. Let l(a) = -7*a**3 + 4*a**2 + 2*a + 3. Let h(j) = r*o(j) + l(j). Determine h(5).
-12
Let c(t) = 0 + t**2 - 5 - 6*t - t. Let s(y) = -y**3 + 35*y**2 - 440*y + 13811. Let k be s(34). What is c(k)?
-5
Let w(r) = -r**2 + 29*r + 486. Let a be -23*(5 + -7) - (-40)/(-8). Determine w(a).
-6
Suppose -10*j - 4*z = -11*j + 38, 116 = 4*j - 4*z. Suppose 5*b + 11 - j = 0. Let g(k) = k**3 - 3*k**2 - 3*k. Determine g(b).
-9
Let v(f) = -5*f + 12. Let h = 735 - 550. Suppose 5*s + h = 210. Calculate v(s).
-13
Let b(m) = 3*m + 11 - 3*m - m. Suppose 4*i - a - 35 = 0, i + 0*i = 5*a - 15. Suppose -90 = -i*h - 5*h. Give b(h).
5
Let n(s) = 118*s**2 - 55*s**2 - 2*s - 64*s**2. Suppose -4*c = d + 14, 3*c + 4*d - 7 = 8*c. Give n(c).
-3
Let f(s) be the first derivative of 0*s**2 + 211 - s + 7*s**2 + 5*s - 2*s - s. Determine f(1).
15
Let z = -13096 + 13108. Let t(j) = -2*j**3 + 25*j**2 - 11*j + 14. Determine t(z).
26
Let p(r) = -17*r - 19. Suppose -877 - 75 = 238*t. Calculate p(t).
49
Let c(a) = -29*a + 168. Let z(b) = -b**3 + b**2 + 19*b - 49. Let d be z(-5). Determine c(d).
-6
Let g(j) = j**2 - 8*j - 8. Let o = 236 + -316. Let w be o/(-12) + 3*(-6)/27. Determine g(w).
-20
Suppose -4*j - 5*m + 3 = 0, 4*j - 41 + 8 = m. Suppose 0*x = -j*x + 98. Let s(n) = n**2 - 13*n - 7. Determine s(x).
7
Let h(r) be the first derivative of 11*r**2/2 + 21*r - 1201. What is h(-1)?
10
Let z(r) be the first derivative of r**7/840 - r**6/120 - r**5/120 + r**4/24 - 46*r**3/3 - 25. Let t(m) be the third derivative of z(m). Calculate t(3).
-2
Let s be -26 - -47 - (-3 + 20). Let d(t) = -66*t + 247. Give d(s).
-17
Let g(j) be the third derivative of j**4/24 + 2*j**3/3 - 3*j**2 + 4*j. Let d be 8 + (-4*2)/4. Let z be d/27 + 104/18. Calculate g(z).
10
Let i(u) = 5*u**2 + 2*u + 4. Let m(q) = -q**2 + q - 2. Let r(j) = -3*j**2 - 4*j + 1. Let x(f) = -3*m(f) - r(f). Let k(s) = 5*i(s) - 4*x(s). What is k(-7)?
7
Let b(v) = -5*v - 4*v + 4*v + v**2 + 2*v - 60. What is b(9)?
-6
Let t(u) = 8*u**2 - 4*u - 6. Let w be t(-4). Let j(c) = w*c**2 - 2*c + 1 - 52*c**2 - 43*c**2 - 39*c**2. Let n = -5 + 6. Determine j(n).
3
Let u be (2628/(-3066))/(6/(-28)). Let h(w) be the third derivative of 1/20*w**5 + 0*w + 0 - 1/6*w**u - 28*w**2 + 1/2*w**3. Give h(2).
7
Let x(u) = 2*u**2 - 2*u - 1. Let m(y) = -3*y**2 - 18*y + 62. Let h(r) = m(r) + 2*x(r). What is h(18)?
-12
Let w(s) = 153*s - 1525. Let x be w(10). Let d(t) = 2*t**2 - 4*t - 26. Give d(x).
4
Let d = 59 - 57. Let l(p) = -3 + 3*p + 1793*p**2 - 1796*p**d + 2 + p**3. Calculate l(3).
8
Let i = -1854 + 1860. Let b(g) be the first derivative of -g**4/4 + 5*g**3/3 - g**2/2 + 6*g + 7. Give b(i).
-36
Suppose 0 = -90*i + 93*i. Let u(l) = 0*l - 9 + i*l + l + l. Give u(6).
3
Let j(d) = 104*d - 8108. Let w be j(78). Let f(a) = a**2 + 10*a - 56. What is f(w)?
0
Let q(r) be the first derivative of -r**6/120 - 2*r**5/15 - 5*r**4/12 - r**3 + r**2 - 6. Let f(w) be the second derivative of q(w). Give f(-7).
15
Let r(a) = -a**2 - 10*a + 1. Suppose h + 2 = 0, 3*t - 36 = 2*h + 4. Let s be 3*(-8)/t*5. Give r(s).
1
Let y(t) = 4*t + 6. Let j(x) = 2*x + 3. Let q(o) = -5*j(o) + 2*y(o). Suppose -p = 73*m - 75*m + 5, -4*p = m + 20. Give q(m).
-3
Suppose 3*l + 3 - 30 = 0. Let r be (7/l)/((-18)/(-162)). Let y(a) = 3*a + 3. What is y(r)?
24
Let i(b) = -5*b**3 - 35*b**2 - 24*b - 53. Let k(x) = -3*x**3 - 19*x**2 - 13*x - 27. Let l(d) = -4*i(d) + 7*k(d). Determine l(8).
-1
Let p(x) = x**2 - 4*x - 54. Let v be (-120)/100*(-4)/12*-15. Give p(v).
6
Suppose -2*g = -2*j - 5*g - 15, -5*j = 3*g + 15. Let z(o) = 4 + j - 4 - o**2 + 3. Let y = -4738 + 4741. What is z(y)?
-6
Let k(j) = -30*j + 401. Let y(u) = 50*u - 658. Let s(f) = 12*k(f) + 7*y(f). Calculate s(21).
-4
Let g(x) = 11 + 1 + 1 - 7 - x. Let z(s) = 8*s + 8. Let o be z(-4). Let i be (16/o)/((-4)/42). Calculate g(i).
-1
Let z(t) = -16306 - 16272 + 32554 - 4*t. Give z(9).
-60
Suppose -2*v + 11 = x, v - 2*v = -4. Let b be ((-8)/(-24))/((-1)/x)*0. Let i(m) = 2*m - m - 9 + b*m + m. Give i(6).
3
Let r(t) = -3*t + 10 - 17*t + 0*t - t**2 + 3*t + 21*t. Give r(3).
13
Let g(a) = 20 - 51 - 53 + 21*a - 4633*a**2 + 4634*a**2. Give g(-24).
-12
Let l(r) = 5*r + r**2 - 2*r + 1 - 4. Let w(n) = -71*n + 201. Let q be w(5). Let o = q - -149. Give l(o).
7
Let t(v) = 77*v + 12393. Let m be t(-161). Let c(n) = -n**2 - 9*n - 17. Calculate c(m).
3
Let n(c) = -34*c**3 + 238*c**2 + 2*c - 3. Let b(m) = -34*m**3 + 357*m**2 + 3*m - 4. Let s(a) = 2*b(a) - 3*n(a). Let v = 1 + -2. Determine s(v).
-33
Let y(t) = t**3 + 6*t**2 - 5*t. Let r(q) = 4*q**2 + 12*q + 17. Let z be r(-2). 